
-404
Convert -10412 (base 5) to base 2.
-1011011100
Convert 4a (base 12) to base 13.
46
What is -2a98 (base 13) in base 4?
-1201001
Convert 403 (base 11) to base 6.
2131
Convert 878 (base 11) to base 7.
3033
Convert 310320 (base 4) to base 10.
3384
What is 13a58 (base 13) in base 15?
ae10
Convert 5611 (base 7) to base 3.
2202201
What is 65002 (base 7) in base 15?
4b9d
What is 1141a (base 11) in base 3?
211121021
c6 (base 13) to base 4
2202
Convert -3144 (base 7) to base 12.
-786
What is -231131 (base 4) in base 2?
-101101011101
What is 110010001 (base 2) in base 3?
112212
What is 2033312 (base 4) in base 6?
110342
Convert 452 (base 12) to base 4.
21332
-15321 (base 6) to base 16
-9c1
13200 (base 7) to base 2
110111001000
Convert 210123 (base 4) to base 16.
91b
What is 48a (base 13) in base 7?
2206
1211102 (base 3) to base 13
7b8
Convert 12122 (base 3) to base 5.
1102
Convert -18630 (base 9) to base 6.
-135430
What is 260432 (base 7) in base 9?
73148
249b (base 13) to base 3
21010112
-36854 (base 11) to base 4
-30323020
-34a5 (base 15) to base 13
-5120
173 (base 10) to base 11
148
What is -d (base 16) in base 14?
-d
Convert 3444 (base 6) to base 7.
2251
What is 170435 (base 8) in base 4?
33010131
12654 (base 7) to base 4
311130
100405 (base 6) to base 3
101212112
-3478 (base 11) to base 16
-11d2
Convert -3332203 (base 4) to base 6.
-203231
Convert 721 (base 8) to base 4.
13101
What is -46706 (base 9) in base 11?
-21486
2431 (base 5) to base 14
1c2
Convert 2861 (base 11) to base 9.
5057
What is -10176 (base 12) in base 14?
-78dc
What is 1201100 (base 3) in base 10?
1251
What is 646 (base 8) in base 13?
266
What is 1013 (base 7) in base 8?
541
12112131 (base 4) to base 2
110010110011101
-6a4 (base 11) to base 15
-3b0
10222 (base 3) to base 12
8b
What is 42874 (base 9) in base 4?
12330001
696 (base 12) to base 3
1100020
-20a1 (base 12) to base 8
-6771
2066 (base 13) to base 10
4478
Convert 3100 (base 7) to base 16.
436
What is -10010101111110 (base 2) in base 7?
-36661
What is -417 (base 15) in base 5?
-12142
What is d394 (base 15) in base 12?
21a41
What is -46631 (base 9) in base 6?
-400044
Convert 413 (base 7) to base 9.
248
What is 8c (base 14) in base 10?
124
170174 (base 8) to base 16
f07c
-907 (base 10) to base 6
-4111
9656 (base 10) to base 9
14218
What is -2322232 (base 4) in base 3?
-121101121
What is 2233 (base 5) in base 9?
383
-100001101 (base 2) to base 8
-415
Convert -34200 (base 8) to base 10.
-14464
Convert 222 (base 9) to base 16.
b6
What is 2319a (base 11) in base 13?
12334
Convert 67a (base 14) to base 6.
5540
12b4 (base 14) to base 10
3294
Convert 234 (base 9) to base 7.
364
-18291 (base 10) to base 8
-43563
What is 1390 (base 14) in base 13?
1760
Convert 408c (base 13) to base 6.
105120
What is -33777 (base 8) in base 7?
-56536
Convert -32101133 (base 4) to base 12.
-299bb
Convert -22020202 (base 3) to base 6.
-43502
What is -74b2 (base 14) in base 16?
-4eb4
What is -6724 (base 15) in base 14?
-7d75
What is -952c (base 14) in base 15?
-7946
-110112 (base 5) to base 13
-194c
What is 212000 (base 3) in base 13?
38a
-6777 (base 8) to base 7
-13306
What is -1100110110 (base 2) in base 14?
-42a
Convert c4 (base 16) to base 5.
1241
-2427 (base 14) to base 7
-24250
-97a7 (base 11) to base 8
-31217
2146 (base 11) to base 10
2833
Convert -584 (base 9) to base 13.
-2b0
Convert 220022 (base 3) to base 15.
2db
What is -1348 (base 12) in base 10?
-2216
What is -1678 (base 11) in base 4?
-201132
-11100 (base 8) to base 9
-6361
Convert -1315 (base 10) to base 15.
-5ca
Convert 147 (base 14) to base 7.
520
Convert 3037 (base 9) to base 14.
b49
What is 8c26 (base 16) in base 6?
434034
-210212 (base 3) to base 10
-590
What is -51887 (base 11) in base 2?
-10010011101001111
Convert 49937 (base 10) to base 5.
3044222
-1112023 (base 6) to base 12
-28613
-11110011001111 (base 2) to base 16
-3ccf
4987a (base 11) to base 4
101132232
Convert -971 (base 12) to base 4.
-111211
What is 10010011001111 (base 2) in base 10?
9423
4510 (base 7) to base 9
2204
Convert -200021102 (base 3) to base 16.
-340a
552205 (base 6) to base 16
b32d
Convert -4041 (base 6) to base 16.
-379
Convert 5173 (base 9) to base 15.
11cc
-1011110110101 (base 2) to base 9
-8283
Convert -ac0 (base 16) to base 5.
-42002
Convert -1041202 (base 6) to base 14.
-14dd8
What is 42442 (base 5) in base 7?
11242
Convert 1022000 (base 3) to base 4.
32301
-1222220 (base 3) to base 13
-87c
What is -13 (base 6) in base 4?
-21
Convert 57b9 (base 14) to base 8.
35627
Convert -8280 (base 10) to base 4.
-2001120
What is -91 (base 10) in base 2?
-1011011
Convert 222 (base 15) to base 16.
1e2
Convert 3049 (base 10) to base 15.
d84
-1202220202 (base 3) to base 7
-203561
What is 2022 (base 7) in base 14?
382
Convert -335114 (base 6) to base 4.
-12322312
What is -131404 (base 5) in base 6?
-40113
What is 50 (base 8) in base 13?
31
-5a0 (base 11) to base 13
-430
What is -312210 (base 4) in base 14?
-13b6
Convert -1011011001101 (base 2) to base 6.
-43005
What is 1022120100 (base 3) in base 12?
13009
Convert 3095 (base 12) to base 3.
21021012
-110110011011001 (base 2) to base 9
-42201
What is 21022 (base 3) in base 6?
525
What is 115014 (base 6) in base 10?
10162
Convert 101110000 (base 2) to base 8.
560
What is -1233230 (base 5) in base 9?
-36157
Convert 191a0 (base 13) to base 9.
73636
-1983 (base 11) to base 14
-cb5
214606 (base 7) to base 10
37687
Convert -4a0 (base 11) to base 6.
-2430
What is 11233121 (base 4) in base 11?
16736
-334442 (base 5) to base 2
-10111001100000
What is d8d (base 14) in base 7?
10536
-8312 (base 9) to base 15
-1c0b
-4113 (base 9) to base 6
-21533
512 (base 12) to base 14
3a6
What is -a8 (base 12) in base 5?
-1003
112121111 (base 3) to base 8
24633
What is 10200 (base 4) in base 8?
440
What is 450102 (base 6) in base 9?
56542
Convert 11b (base 16) to base 10.
283
What is 886 (base 14) in base 6?
11450
Convert -101233 (base 6) to base 2.
-1111110010101
Convert -11011002100 (base 3) to base 15.
-19326
Convert -50303 (base 8) to base 16.
-50c3
Convert -65b1 (base 13) to base 3.
-201102212
-159 (base 12) to base 7
-423
16763 (base 13) to base 11
2a348
Convert 61 (base 14) to base 9.
104
3774 (base 8) to base 4
133330
What is -143441 (base 5) in base 12?
-3661
Convert 133 (base 15) to base 2.
100010001
Convert -110001110011 (base 2) to base 15.
-e27
What is -2234 (base 6) in base 4?
-20032
Convert -4157 (base 10) to base 12.
-24a5
Convert -13120311 (base 4) to base 5.
-1432021
What is 131232 (base 7) in base 6?
305150
-712 (base 12) to base 11
-84a
What is 1201123 (base 4) in base 3?
22112221
-1111 (base 2) to base 8
-17
Convert 19c4 (base 15) to base 5.
134314
1000110011 (base 2) to base 5
4223
130d (base 16) to base 7
20135
Convert 122001220 (base 3) to base 10.
12444
Convert -2030 (base 5) to base 14.
-14d
What is -1082 (base 12) in base 3?
-2111122
Convert -1b10 (base 14) to base 6.
-34430
Convert 10343 (base 5) to base 9.
883
Convert 51a0 (base 13) to base 12.
6644
2115 (base 9) to base 10
1553
What is -31334 (base 5) in base 3?
-2212120
What is 1ef9 (base 16) in base 11?
5a59
Convert -2743 (base 10) to base 9.
-3677
Convert ab0 (base 12) to base 7.
4404
-11a59 (base 11) to base 16
-435e
What is -51214 (base 6) in base 11?
-5102
-3231 (base 4) to base 6
-1033
2122 (base 6) to base 15
222
What is 202200 (base 6) in base 14?
5bcc
What is -12033301 (base 4) in base 15?
-78aa
15453 (base 10) to base 7
63024
26d7 (base 16) to base 5
304233
5321 (base 7) to base 15
852
13253 (base 8) to base 15
1abd
-2402 (base 10) to base 14
-c38
What is 359b (base 15) in base 3?
120122002
What is -3086 (base 9) in base 7?
-6414
What is -10412 (base 5) in base 10?
-732
-58 (base 14) to base 11
-71
Convert 19c (base 14) to base 7.
655
What is 110110000110111 (base 2) in base 11?
198a5
201010010 (base 3) to base 13
645c
Convert -461 (base 7) to base 10.
-239
Convert 85782 (base 9) to base 5.
3304044
Convert 260 (base 15) to base 3.
202000
Convert -236a (base 11) to base 12.
-1965
What is -a20 (base 14) in base 10?
-1988
1802 (base 10) to base 9
2422
What is -789 (base 11) in base 16?
-3b0
What is 1012032 (base 4) in base 10?
4494
What is -3314 (base 5) in base 16?
-1cb
What is 1313 (base 8) in base 6?